 divided by 17?
15
Let q(s) = -s**3 - 5*s**2 + 22*s - 10. Let z be q(-8). Suppose 5*x + z*x = 121. What is the remainder when 21 is divided by x?
10
Let n(v) = 11*v**3 + v**2 - v. Let i be n(1). Let t(a) = 4*a - 22. What is the remainder when (12/(-6))/((-1)/i) is divided by t(7)?
4
Let p be -1*(-2 + 0) + 1 + 83. Let j = p - 77. Calculate the remainder when 31 is divided by j.
4
Calculate the remainder when 7*707/49 + (-8 - -2) is divided by 90.
5
Calculate the remainder when 51 is divided by 9 - 2 - -7 - (0 + 0).
9
Calculate the remainder when 35 is divided by (6 - 7)*(-220)/10.
13
Let c(s) = 10*s - 3*s + s. Suppose -17 = -2*y - 13. What is the remainder when c(1) is divided by y?
0
Suppose -29 = -2*u + 11. What is the remainder when 51 is divided by u?
11
Let x = 174 - 114. Calculate the remainder when (x/16)/5*52 is divided by 21.
18
Let y(j) = 12*j + 24. Let g be y(-13). Let f = g - -259. What is the remainder when f is divided by 33?
28
Suppose 12*q - 9*q = 18. Let v(c) = -2*c**2 + 15*c - 4. Calculate the remainder when 39 is divided by v(q).
11
Suppose -a - a + 12 = 0. Let q be (2 - 4) + 6 + a. Let o = 18 - q. Calculate the remainder when 13 is divided by o.
5
Let l(m) = -2*m**3 - 4*m**2 - 3*m. Let r(i) = i - 2. Let c be r(0). Let p(u) = 6*u**3 - u**2 - 7*u + 6. Calculate the remainder when l(c) is divided by p(1).
2
Let h(q) = -26*q - 18 - 13 + 31. What is the remainder when 310 is divided by h(-2)?
50
Suppose 70*j - 19*j - 7242 = 0. What is the remainder when j is divided by 23?
4
Let y(a) = -a**3 + 4*a**2 + 3*a - 1. Suppose -648 = 4*l + 4*l. Let g = -50 - l. What is the remainder when g is divided by y(4)?
9
Suppose -33*w + 35*w = 3*s - 174, w = -5*s + 303. Calculate the remainder when 335 is divided by s.
35
Suppose o - 16 = -4*f, 5*f + 0*f = 0. Suppose 5*m + 4*d - 35 = 4, 2*m + 2*d = o. Calculate the remainder when m is divided by 4.
3
Suppose -5*d + 0 = -5. Let x(c) = -3*c**3 - 2*c**2 - c + 2. Let k be x(d). Calculate the remainder when 43 - (k + 3/3) is divided by 12.
10
Suppose 0 = -n - 5*l + 38 + 18, 0 = 2*n + 4*l - 94. Let f = n + -34. Calculate the remainder when 15 is divided by f.
1
Let o = 34 + -42. Let b = 31 - o. Calculate the remainder when b is divided by (4/(-1))/(-2) + 8.
9
Suppose -b + 11 = 2*w, 5*w - 3*b - 19 = 3. Calculate the remainder when 38 is divided by w.
3
Suppose 4*b - 5*f = 261, -4*b - b + 316 = 4*f. Let n(i) = -3*i**2 + 4*i + 2. Let l be n(5). Let o = l + 75. What is the remainder when b is divided by o?
20
Let w(r) = r**3 + 9*r**2 - r + 2. Let d be w(-8). Let y = d - 43. Let z = 59 - 43. Calculate the remainder when y is divided by z.
15
Suppose -4*r - 13*g + 1812 = -18*g, 0 = -r - 5*g + 453. What is the remainder when r is divided by 65?
63
Suppose 2*j + 5*o - 239 - 37 = 0, -o - 300 = -2*j. Calculate the remainder when j is divided by 39.
31
Let j(k) = k**3 + 4*k**2 + 3*k + 16. Calculate the remainder when j(5) is divided by 38.
28
Suppose 0*l - 4*l + 20 = 0. Let o(s) = -s + 2. Let t be o(l). What is the remainder when 37 is divided by (3 + t/(-9))*3?
7
Suppose 5*y + 5 = -4*l, 1 = -l - 4. Suppose 0*i - y*i + 36 = 3*h, -3*i + 4*h + 36 = 0. Suppose -9*s = -i*s + 150. What is the remainder when s is divided by 17?
16
Let h = 1 - -2. Suppose -h*v - 3 - 3 = 0. Let o = v + 24. What is the remainder when o is divided by 5?
2
Suppose -4*n - 42 = -j, 7*j - 5*j + 2*n - 74 = 0. Calculate the remainder when 791 is divided by j.
31
Let p = -103 - -120. Suppose -p = o - 19. Let v = 3 + 3. What is the remainder when v is divided by o?
0
Suppose 0 = -4*k - k - 15, 0 = -3*m - 4*k + 36. What is the remainder when 37 is divided by 212/m - 4/16?
11
Let w = 105 - 48. Calculate the remainder when 166 is divided by w.
52
Let g(k) = -76*k**2. Let p be g(1). Let t = p - -134. What is the remainder when t is divided by 10?
8
Let m(b) = 34*b**2 + 4*b + 5. Calculate the remainder when m(-2) is divided by 27.
25
Let w = -96 - -189. What is the remainder when 185 is divided by w?
92
Let l(t) = -t**3 - 7*t**2 - 4*t - 8. Let f be l(-6). Calculate the remainder when (-18 - f)/(2/38) is divided by 20.
18
Suppose -4*m = r - 205, -m = 3*r + m - 565. Calculate the remainder when r is divided by 94.
91
Let p = 18 - 19. Let i(r) = -3*r + 2. Calculate the remainder when 22 is divided by i(p).
2
Let t(f) = -5*f + 9. Calculate the remainder when 42 is divided by t(0).
6
Let y(o) = o. Let l be 2 - (-3 + 3) - 0. Calculate the remainder when y(9) is divided by (5/l)/((-2)/(-4)).
4
Suppose -311 = -4*u - o, 4*o - 379 = -4*u - 59. Let p(c) = -3*c**2 + 2*c**2 + 6*c - 3 + 5 - c**3. What is the remainder when u is divided by p(-4)?
25
Let z = -1876 + 1968. Calculate the remainder when 324 is divided by z.
48
Let h(i) = -4*i**2 - 80*i - 43. Suppose 5*f = 147 + 58. Calculate the remainder when h(-17) is divided by f.
38
Let t(i) = 15*i + 306. Calculate the remainder when 18 is divided by t(-20).
0
Let p = -53 + 57. Suppose -p*k = 4 - 44. Suppose -141 = 3*t - 6*t. Calculate the remainder when t is divided by k.
7
Let s(k) = k**2 - k. Let d be s(2). What is the remainder when 130 is divided by ((-57)/76)/(d/(-88))?
31
Suppose s = -0*s + 32. Let c = s - 13. What is the remainder when c is divided by 5?
4
Calculate the remainder when 275 is divided by (-1 + 31)/((-111)/(-148)).
35
Let q(u) = -2*u - 4. Let p be q(-7). Suppose -12 - p = -2*l. Calculate the remainder when ((-4)/8)/(2/(-120)) is divided by l.
8
Suppose -4*g = -3*b + 44 + 21, 0 = -4*b - 4*g + 124. Calculate the remainder when 27 is divided by (b/6)/(18/24).
3
Let h = 153 - 78. What is the remainder when 147 is divided by h?
72
Let u be (2 - (-5)/(-2))*-82. Let s = -82 + u. Let m = 77 + s. What is the remainder when m is divided by 13?
10
Suppose -5 = -9*x + 22. Suppose 6*z - z = 15, -x*z - 341 = -5*f. What is the remainder when f is divided by 25?
20
Suppose -4*i = -28 + 8. What is the remainder when 29 is divided by i?
4
Let m = 10 - -4. Let q = m - 2. Let w = q - 8. What is the remainder when w is divided by 2?
0
Calculate the remainder when (-63 + 1 + 2)*70/(-40) is divided by 28.
21
Let t = 34 - 12. Suppose -2*v + 2*m + 94 = 0, 1164*m = -5*v + 1161*m + 187. What is the remainder when v is divided by t?
19
Let r(t) = -t**2 - 5*t - 4. Let c be r(-3). Suppose 2*j + 0 + 16 = 2*f, 4*f + c*j - 56 = 0. What is the remainder when 22 is divided by f?
10
Let p(x) = x**2 + 18*x + 43. Let o be p(-15). What is the remainder when 30 is divided by (11 + 3)/(-4*1/o)?
2
Let g(h) = 11*h**2 - 5*h - 18. Calculate the remainder when g(-4) is divided by 36.
34
Suppose -5*k = -2*d - 19, 2*d + d + 6 = 0. Suppose 0 = -0*u - k*u + 69. Calculate the remainder when u is divided by 13.
10
Suppose 8 - 93 = -p. Let d = 1 + p. Calculate the remainder when d is divided by 18.
14
Let z(p) be the third derivative of p**5/20 + 5*p**4/24 + p**3 - 28*p**2. Calculate the remainder when 32 is divided by z(-3).
14
Let x be 8 + -1 - (8 - 5). Let n(r) = r**3 - 7*r + 9. Calculate the remainder when n(x) is divided by 18.
9
Let t(f) = -f**2 + 8*f - 5. Let z be t(7). Suppose -65 + 43 = -z*l. Calculate the remainder when l is divided by 3.
2
Suppose 90 = -p + 3*p. Let d = -14 + -25. Let a = d + 51. What is the remainder when p is divided by a?
9
Let s(q) = 30*q + 511. Calculate the remainder when 50 is divided by s(-16).
19
Let z = 17700 - 17699. Let x = -1 + 3. Calculate the remainder when 1/(5/(-3) + x) is divided by z.
0
Suppose -3*l + 262 = -2*q, -2*l - l - 5*q + 227 = 0. Calculate the remainder when l is divided by 9.
3
Let a(o) = -o**3 - 3*o**2 + 9*o + 23. Let q be a(-4). Suppose -q*j + 22 + 59 = 0. Calculate the remainder when j is divided by 17.
10
Suppose -251 = -3*n + 16. Let m = n + -62. What is the remainder when m is divided by 14?
13
Suppose 3*c = 12, 12 - 2 = u + 2*c. Suppose v = -4*t - 3, t + u = 5*v + 17. Suppose -w - 3*w + 12 = t. What is the remainder when 6 is divided by w?
0
Let w = 12 + -8. Suppose -2*j + 1 + 24 = 3*o, -5*o + w*j + 5 = 0. Calculate the remainder when 28 is divided by o.
3
Let i = -305 + 315. Suppose 693 + 932 = 5*t. Suppose 5*g - b = 185, -b + t = 5*g + 130. Calculate the remainder when g is divided by i.
8
Let s = -11 - -27. Let m(k) = -5*k + 26. What is the remainder when m(-4) is divided by s?